4502?
False
Is 1751 a factor of 18628889?
True
Is 1778 a factor of 1404061622?
False
Does 35 divide 409460485?
True
Does 1494 divide 93575436?
False
Does 486 divide 10902924?
True
Does 27 divide 31475898?
True
Does 15 divide 726433917?
False
Does 507 divide 514668012?
False
Does 372 divide 960844752?
True
Is 900403976 a multiple of 11?
False
Is 901 a factor of 54000031?
False
Is 1025029417 a multiple of 11?
False
Is 4257399 a multiple of 123?
True
Is 2678 a factor of 601914006?
False
Does 3873 divide 242946275?
False
Does 1286 divide 2853634?
True
Is 236 a factor of 7358008?
True
Is 98 a factor of 3319674870?
False
Is 13468328 a multiple of 8?
True
Does 173 divide 28773930?
False
Does 174 divide 104665350?
True
Does 28 divide 1543041780?
True
Is 12 a factor of 100383592?
False
Is 29 a factor of 65867178?
True
Does 2939 divide 177548447?
False
Is 34 a factor of 779383939?
False
Does 108 divide 1088134344?
True
Is 2411723463 a multiple of 182?
False
Is 177159416 a multiple of 28?
True
Does 9 divide 434815225?
False
Is 528475858 a multiple of 29?
False
Is 46 a factor of 636421500?
True
Does 16 divide 26923696?
True
Does 5 divide 19255645?
True
Does 23 divide 79156777?
True
Is 202334496 a multiple of 672?
True
Is 38 a factor of 1189613590?
False
Is 249076448 a multiple of 58?
False
Does 11 divide 2756580597?
False
Is 245925026 a multiple of 5?
False
Is 1283749795 a multiple of 18?
False
Is 1783354319 a multiple of 49?
False
Is 21874892 a multiple of 312?
False
Does 1792 divide 209144333?
False
Is 15800916 a multiple of 209?
False
Is 395803003 a multiple of 5?
False
Is 9 a factor of 166626657?
True
Is 5025628 a multiple of 123?
False
Is 17 a factor of 61739580?
True
Does 22 divide 413297412?
True
Does 58 divide 159835304?
False
Is 27 a factor of 108048492?
True
Is 28 a factor of 62905867?
False
Is 543609936 a multiple of 8886?
True
Does 661 divide 229294951?
True
Is 15 a factor of 2033013864?
False
Does 237 divide 659808?
True
Does 1656 divide 188361720?
True
Does 24 divide 21891792?
True
Is 2443338523 a multiple of 27?
False
Is 60 a factor of 25289400?
True
Is 2340 a factor of 5453470103?
False
Is 7 a factor of 16501581?
False
Is 602647527 a multiple of 1669?
True
Is 27671100 a multiple of 19?
False
Does 5 divide 10064110?
True
Is 207219334 a multiple of 366?
False
Is 3998733 a multiple of 36?
False
Is 7 a factor of 555054881?
False
Does 1368 divide 437961096?
True
Does 929 divide 65983933?
False
Does 340 divide 6632040?
True
Is 758660256 a multiple of 513?
False
Is 17638944 a multiple of 688?
True
Is 5 a factor of 36463056?
False
Does 183 divide 110000202?
True
Does 456 divide 2018313091?
False
Is 305106782 a multiple of 2299?
False
Is 39561255 a multiple of 18?
False
Does 795 divide 11598255?
True
Does 52 divide 17908280?
True
Is 88005126 a multiple of 21?
False
Is 1200 a factor of 2053353250?
False
Is 74 a factor of 78720429?
False
Does 138 divide 290891534?
False
Is 9 a factor of 5431662?
True
Does 34 divide 83619706?
False
Does 67 divide 351750324?
False
Is 390856940 a multiple of 529?
True
Does 598 divide 586919060?
True
Is 444070202 a multiple of 745?
False
Does 17 divide 33594903?
False
Does 200 divide 43298600?
True
Does 1620 divide 24594840?
True
Is 2813387280 a multiple of 80?
True
Is 4424 a factor of 1434038671?
False
Is 10839648 a multiple of 28?
False
Is 32067978 a multiple of 322?
False
Does 131 divide 2737846525?
False
Does 11 divide 43929622?
True
Is 19 a factor of 128975731?
False
Is 1014 a factor of 13152784?
False
Is 102818146 a multiple of 2984?
False
Is 200 a factor of 22921154?
False
Does 18 divide 211497192?
True
Is 90011628 a multiple of 189?
True
Is 805 a factor of 47500403?
False
Is 129396810 a multiple of 16?
False
Is 142 a factor of 67923662?
False
Is 591846316 a multiple of 4?
True
Is 41653860 a multiple of 15?
True
Is 4062848175 a multiple of 603?
True
Is 208 a factor of 23115664?
True
Is 216 a factor of 634787928?
True
Is 164 a factor of 20421280?
True
Is 1282166758 a multiple of 1054?
True
Does 63 divide 409456152?
True
Is 117 a factor of 8581716?
True
Is 124 a factor of 523652?
True
Does 1060 divide 20548100?
True
Does 395 divide 4771024?
False
Does 332 divide 83960476?
True
Does 4777 divide 84896844?
True
Is 35 a factor of 4056838415?
True
Is 2093 a factor of 111434081?
False
Does 46 divide 5905480?
True
Is 14 a factor of 13560532?
False
Does 36 divide 507370428?
True
Is 39 a factor of 1956457452?
False
Does 15 divide 30047987?
False
Does 84 divide 266250744?
False
Does 723 divide 34565907?
True
Does 8 divide 13083040?
True
Is 116171451 a multiple of 4653?
True
Is 4823616 a multiple of 32?
True
Is 95 a factor of 59984805?
True
Does 302 divide 3009047239?
False
Is 1334016274 even?
True
Does 42 divide 9715500?
False
Is 80070289 a multiple of 221?
True
Is 43987199 a multiple of 232?
False
Does 236 divide 72039141?
False
Does 5 divide 1885185?
True
Is 1700 a factor of 29418500?
True
Does 618 divide 360727706?
False
Does 9 divide 249430931?
False
Is 1694 a factor of 116871405?
False
Is 49 a factor of 19888218?
True
Is 2865 a factor of 64161675?
True
Is 148 a factor of 64350844?
True
Does 11 divide 29436737?
True
Is 338 a factor of 304611346?
True
Is 355146163 a multiple of 53?
True
Does 289 divide 21202485?
True
Is 28 a factor of 105664200?
False
Is 27 a factor of 267836436?
True
Is 169 a factor of 228161323?
True
Is 18109563 a multiple of 104?
False
Is 198 a factor of 534986892?
True
Does 156 divide 215374874?
False
Is 13655342 a multiple of 3?
False
Is 925 a factor of 888728?
False
Does 29 divide 5476193?
False
Is 75086320 a multiple of 80?
True
Is 63273188 a multiple of 292?
True
Is 94747578 a multiple of 641?
False
Is 604477746 a multiple of 129?
True
Is 95515343 even?
False
Is 382 a factor of 237648275?
False
Is 3691143 a multiple of 27?
True
Is 31 a factor of 6136196?
False
Is 70476925 a multiple of 2657?
True
Does 2562 divide 2046039002?
False
Is 14043480 a multiple of 330?
True
Is 44175834 a multiple of 4?
False
Does 31 divide 1459135466?
True
Does 866 divide 75200243?
False
Is 2896 a factor of 19548000?
True
Is 52 a factor of 18542157?
False
Does 10 divide 13292540?
True
Does 1091 divide 376016068?
False
Is 19211050 a multiple of 10?
True
Is 363 a factor of 21706311?
True
Does 12 divide 181060870?
False
Is 28 a factor of 89085836?
True
Does 924 divide 21255696?
True
Does 91 divide 23992150?
True
Does 631 divide 4878181?
False
Does 2 divide 951350?
True
Is 946 a factor of 84705092?
False
Is 7 a factor of 14834711?
False
Is 105 a factor of 4082699670?
True
Is 1104633715 a multiple of 375?
False
Is 6 a factor of 642120010?
False
Does 186 divide 1023068018?
False
Is 66272612 a multiple of 1022?
True
Is 10014 a factor of 2194538058?
True
Is 110440876 a multiple of 140?
False
Is 740 a factor of 9846440?
True
Is 11662657 a multiple of 67?
False
Does 5 divide 109683460?
True
Is 158795153 a multiple of 139?
False
Is 166559782 a multiple of 16?
False
Is 43170503 a multiple of 19?
False
Is 1474756051 a multiple of 2363?
False
Is 455776279 a multiple of 195?
False
Is 337594850 a multiple of 15?
False
Is 42544145 a multiple of 427?
True
Is 1488091 a multiple of 2?
False
Is 1834446 a multiple of 10?
False
Is 289 a factor of 6343828?
False
Is 333510464 a multiple of 35?
False
Is 9260422 a multiple of 397?
True
Does 1859 divide 529210825?
True
Is 11380330 a multiple of 5?
True
Is 2193302395 a multiple of 317?
True
Is 3982965406 a multiple of 652?
False
Does 2 divide 36575581?
False
Is 820 a factor of 561044066?
False
Is 17 a factor of 1068117483?
False
Is 228317382 a multiple of 543?
True
Does 333 divide 15257578?
False
Does 664 divide 12732864?
True
Is 1205480632 a multiple of 124?
True
Is 145858643 a multiple of 6?
False
Is 27 a factor of 1667126?
False
Is 213260997 a multiple of 93?
True
Is 16 a factor of 312789375?
False
Is 11 a factor of 697182684?
True
Does 1523 divide 78664195?
False
Is 188010150 a multiple of 12?
False
Is 31099976 a multiple of 88?
False
Is 52 a factor of 17076794?
False
Does 237 divide 304016253?
True
Is 152144462 a multiple of 597?
False
Is 69534983 a multiple of 2429?
True
Is 1688774 a multiple of 24?
False
Does 885 divide 57249765?
True
Is 26 a factor of 42464838?
True
Is 20 a factor of 4337